{"version":"1.0","provider_name":"Rozbudowa autostrady A4 od w\u0119z\u0142a Balice do ul. K\u0105pielowej w Krakowie o trzeci pas ruchu","provider_url":"http:\/\/a4-balice-krakowpoludnie-stes.pl","author_name":"a4balice","author_url":"http:\/\/a4-balice-krakowpoludnie-stes.pl\/index.php\/author\/a4balice\/","title":"Spotkania informacyjne - Rozbudowa autostrady A4 od w\u0119z\u0142a Balice do ul. K\u0105pielowej w Krakowie o trzeci pas ruchu","type":"rich","width":600,"height":338,"html":"<blockquote class=\"wp-embedded-content\" data-secret=\"inJA51Px0Y\"><a href=\"http:\/\/a4-balice-krakowpoludnie-stes.pl\/index.php\/spotkanie-informacyjne\/\">Spotkania informacyjne<\/a><\/blockquote><iframe sandbox=\"allow-scripts\" security=\"restricted\" src=\"http:\/\/a4-balice-krakowpoludnie-stes.pl\/index.php\/spotkanie-informacyjne\/embed\/#?secret=inJA51Px0Y\" width=\"600\" height=\"338\" title=\"&#8222;Spotkania informacyjne&#8221; &#8212; Rozbudowa autostrady A4 od w\u0119z\u0142a Balice do ul. K\u0105pielowej w Krakowie o trzeci pas ruchu\" data-secret=\"inJA51Px0Y\" frameborder=\"0\" marginwidth=\"0\" marginheight=\"0\" scrolling=\"no\" class=\"wp-embedded-content\"><\/iframe><script type=\"text\/javascript\">\n\/* <![CDATA[ *\/\n\/*! This file is auto-generated *\/\n!function(d,l){\"use strict\";l.querySelector&&d.addEventListener&&\"undefined\"!=typeof URL&&(d.wp=d.wp||{},d.wp.receiveEmbedMessage||(d.wp.receiveEmbedMessage=function(e){var t=e.data;if((t||t.secret||t.message||t.value)&&!\/[^a-zA-Z0-9]\/.test(t.secret)){for(var s,r,n,a=l.querySelectorAll('iframe[data-secret=\"'+t.secret+'\"]'),o=l.querySelectorAll('blockquote[data-secret=\"'+t.secret+'\"]'),c=new RegExp(\"^https?:$\",\"i\"),i=0;i<o.length;i++)o[i].style.display=\"none\";for(i=0;i<a.length;i++)s=a[i],e.source===s.contentWindow&&(s.removeAttribute(\"style\"),\"height\"===t.message?(1e3<(r=parseInt(t.value,10))?r=1e3:~~r<200&&(r=200),s.height=r):\"link\"===t.message&&(r=new URL(s.getAttribute(\"src\")),n=new URL(t.value),c.test(n.protocol))&&n.host===r.host&&l.activeElement===s&&(d.top.location.href=t.value))}},d.addEventListener(\"message\",d.wp.receiveEmbedMessage,!1),l.addEventListener(\"DOMContentLoaded\",function(){for(var e,t,s=l.querySelectorAll(\"iframe.wp-embedded-content\"),r=0;r<s.length;r++)(t=(e=s[r]).getAttribute(\"data-secret\"))||(t=Math.random().toString(36).substring(2,12),e.src+=\"#?secret=\"+t,e.setAttribute(\"data-secret\",t)),e.contentWindow.postMessage({message:\"ready\",secret:t},\"*\")},!1)))}(window,document);\n\/\/# sourceURL=http:\/\/a4-balice-krakowpoludnie-stes.pl\/wp-includes\/js\/wp-embed.min.js\n\/* ]]> *\/\n<\/script>\n","description":"RAPORT ZE SPOTKA\u0143 SPO\u0141ECZNYCH Spotkania informacyjne Celem spotka\u0144 by\u0142o poinformowanie lokalnej spo\u0142eczno\u015bci oraz wszystkich zainteresowanych (np. organizacji ekologicznych) o planowanym przedsi\u0119wzi\u0119ciu. Spotkania informacyjne przeprowadzone by\u0142y przy udziale ka\u017cdej gminy, na terenie kt\u00f3rej projektuje si\u0119 tras\u0119. Spotkania informacyjne ze spo\u0142ecze\u0144stwem przeprowadzono w okresie 12 \u2013 15 grudnia 2023r. i obj\u0119\u0142y nast\u0119puj\u0105ce miasta i gminy wojew\u00f3dztwa ma\u0142opolskiego. Data i godzina Udzia\u0142 gmin Dotyczy drogi Miejsce spotkania 12.12.2023g. 17:00 Miasto Krak\u00f3w A4 i&hellip;","thumbnail_url":"http:\/\/a4-balice-krakowpoludnie-stes.pl\/wp-content\/uploads\/2024\/07\/bl-724x1024.jpg"}

Rozbudowa autostrady A4 od węzła Balice do ul. Kąpielowej w Krakowie o trzeci pas ruchu

Spotkania informacyjne - Rozbudowa autostrady A4 od węzła Balice do ul. Kąpielowej w Krakowie o trzeci pas ruchu

<blockquote class="wp-embedded-content" data-secret="inJA51Px0Y"><a href="http://a4-balice-krakowpoludnie-stes.pl/index.php/spotkanie-informacyjne/">Spotkania informacyjne</a></blockquote><iframe sandbox="allow-scripts" security="restricted" src="http://a4-balice-krakowpoludnie-stes.pl/index.php/spotkanie-informacyjne/embed/#?secret=inJA51Px0Y" width="600" height="338" title="&#8222;Spotkania informacyjne&#8221; &#8212; Rozbudowa autostrady A4 od węzła Balice do ul. Kąpielowej w Krakowie o trzeci pas ruchu" data-secret="inJA51Px0Y" frameborder="0" marginwidth="0" marginheight="0" scrolling="no" class="wp-embedded-content"></iframe><script type="text/javascript">
/* <![CDATA[ */
/*! This file is auto-generated */
!function(d,l){"use strict";l.querySelector&&d.addEventListener&&"undefined"!=typeof URL&&(d.wp=d.wp||{},d.wp.receiveEmbedMessage||(d.wp.receiveEmbedMessage=function(e){var t=e.data;if((t||t.secret||t.message||t.value)&&!/[^a-zA-Z0-9]/.test(t.secret)){for(var s,r,n,a=l.querySelectorAll('iframe[data-secret="'+t.secret+'"]'),o=l.querySelectorAll('blockquote[data-secret="'+t.secret+'"]'),c=new RegExp("^https?:$","i"),i=0;i<o.length;i++)o[i].style.display="none";for(i=0;i<a.length;i++)s=a[i],e.source===s.contentWindow&&(s.removeAttribute("style"),"height"===t.message?(1e3<(r=parseInt(t.value,10))?r=1e3:~~r<200&&(r=200),s.height=r):"link"===t.message&&(r=new URL(s.getAttribute("src")),n=new URL(t.value),c.test(n.protocol))&&n.host===r.host&&l.activeElement===s&&(d.top.location.href=t.value))}},d.addEventListener("message",d.wp.receiveEmbedMessage,!1),l.addEventListener("DOMContentLoaded",function(){for(var e,t,s=l.querySelectorAll("iframe.wp-embedded-content"),r=0;r<s.length;r++)(t=(e=s[r]).getAttribute("data-secret"))||(t=Math.random().toString(36).substring(2,12),e.src+="#?secret="+t,e.setAttribute("data-secret",t)),e.contentWindow.postMessage({message:"ready",secret:t},"*")},!1)))}(window,document);
//# sourceURL=http://a4-balice-krakowpoludnie-stes.pl/wp-includes/js/wp-embed.min.js
/* ]]> */
</script>

RAPORT ZE SPOTKAŃ SPOŁECZNYCH Spotkania informacyjne Celem spotkań było poinformowanie lokalnej społeczności oraz wszystkich zainteresowanych (np. organizacji ekologicznych) o planowanym przedsięwzięciu. Spotkania informacyjne przeprowadzone były przy udziale każdej gminy, na terenie której projektuje się trasę. Spotkania informacyjne ze społeczeństwem przeprowadzono w okresie 12 – 15 grudnia 2023r. i objęły następujące miasta i gminy województwa małopolskiego. Data i godzina Udział gmin Dotyczy drogi Miejsce spotkania 12.12.2023g. 17:00 Miasto Kraków A4 i&hellip;
