{"id":453,"date":"2021-07-04T00:00:01","date_gmt":"2021-07-03T22:00:01","guid":{"rendered":"http:\/\/obwodnicalegnicydk94.pl\/?page_id=453"},"modified":"2023-01-19T19:27:05","modified_gmt":"2023-01-19T18:27:05","slug":"przedmiotu-zadania-inwestycyjnego","status":"publish","type":"page","link":"http:\/\/a4-balice-krakowpoludnie-stes.pl\/index.php\/przedmiotu-zadania-inwestycyjnego\/","title":{"rendered":"Przedmiot inwestycji"},"content":{"rendered":"\n<h3 class=\"has-text-align-center wp-block-heading\">Przedmiot inwestycji<\/h3>\n\n\n\n<div id=\"section-gad78e2\" class=\"wp-block-gutentor-e1 section-gad78e2 gutentor-element gutentor-element-advanced-text text-align-justify-desktop\"><div class=\"gutentor-text-wrap\"><p class=\"gutentor-text\">Opracowanie kompleksowej dokumentacji projektowej Studium-Techniczno-Ekonomiczno-\u015arodowiskowego (STE\u015a) oraz materia\u0142\u00f3w do decyzji o \u015brodowiskowych uwarunkowaniach (D\u015aU) wraz z jej uzyskaniem dla zadania pn.: <strong>\u201eRozbudowa autostrady A4 od w\u0119z\u0142a Balice do ul. K\u0105pielowej w Krakowie o trzeci pas ruchu\u201d.<\/strong><br>Na zlecenie krakowskiego oddzia\u0142u GDDKiA zostanie przygotowany projekt rozbudowy autostrady A4 na odcinku od w\u0119z\u0142a Balice do ul. K\u0105pielowej w Krakowie.<br>Projekt b\u0119dzie zawiera\u0142 Studium Techniczno \u2013 Ekonomiczno \u2013 \u015arodowiskowe.<\/p><\/div><\/div>\n\n\n\n<h3 class=\"wp-block-heading\">Zakres podstawowy<\/h3>\n\n\n\n<div id=\"section-g21a361\" class=\"wp-block-gutentor-e1 section-g21a361 gutentor-element gutentor-element-advanced-text text-align-justify-desktop\"><div class=\"gutentor-text-wrap\"><p class=\"gutentor-text\">Pocz\u0105tek: odcinek projektowanej autostrady A4 rozpoczyna si\u0119 na w\u0119\u017ale Krak\u00f3w Zach\u00f3d (Balice I)<br>Koniec: odcinek projektowanej autostrady A4 ko\u0144czy si\u0119 na wysoko\u015bci ul. K\u0105pielowej w Krakowie<br>D\u0142ugo\u015b\u0107: oko\u0142o 17,2 km<\/p><\/div><\/div>\n\n\n\n<h3 class=\"wp-block-heading\">Zakres prawa opcji:<\/h3>\n\n\n\n<p>Pocz\u0105tek: odcinek projektowanej rozbudowy S52c rozpoczyna si\u0119 na w\u0119\u017ale Krak\u00f3w Zach\u00f3d (Balice I).Koniec: odcinek projektowanej rozbudowy S52c ko\u0144czy si\u0119 na w\u0119\u017ale Modlniczka (z wy\u0142\u0105czeniem w\u0119z\u0142a)<br>D\u0142ugo\u015b\u0107: oko\u0142o 2,9 km<\/p>\n","protected":false},"excerpt":{"rendered":"<p>Przedmiot inwestycji Zakres podstawowy Zakres prawa opcji: Pocz\u0105tek: odcinek projektowanej rozbudowy S52c rozpoczyna si\u0119 na w\u0119\u017ale Krak\u00f3w Zach\u00f3d (Balice I).Koniec: odcinek projektowanej rozbudowy S52c ko\u0144czy si\u0119 na w\u0119\u017ale Modlniczka (z wy\u0142\u0105czeniem w\u0119z\u0142a)D\u0142ugo\u015b\u0107: oko\u0142o 2,9 km<\/p>\n","protected":false},"author":1,"featured_media":0,"parent":0,"menu_order":0,"comment_status":"closed","ping_status":"closed","template":"","meta":{"footnotes":""},"class_list":["post-453","page","type-page","status-publish","hentry"],"yoast_head":"<!-- This site is optimized with the Yoast SEO plugin v27.4 - https:\/\/yoast.com\/product\/yoast-seo-wordpress\/ -->\n<title>Przedmiot inwestycji - Rozbudowa autostrady A4 od w\u0119z\u0142a Balice do ul. K\u0105pielowej w Krakowie o trzeci pas ruchu<\/title>\n<meta name=\"robots\" content=\"index, follow, max-snippet:-1, max-image-preview:large, max-video-preview:-1\" \/>\n<link rel=\"canonical\" href=\"http:\/\/a4-balice-krakowpoludnie-stes.pl\/index.php\/przedmiotu-zadania-inwestycyjnego\/\" \/>\n<meta property=\"og:locale\" content=\"pl_PL\" \/>\n<meta property=\"og:type\" content=\"article\" \/>\n<meta property=\"og:title\" content=\"Przedmiot inwestycji - Rozbudowa autostrady A4 od w\u0119z\u0142a Balice do ul. K\u0105pielowej w Krakowie o trzeci pas ruchu\" \/>\n<meta property=\"og:description\" content=\"Przedmiot inwestycji Zakres podstawowy Zakres prawa opcji: Pocz\u0105tek: odcinek projektowanej rozbudowy S52c rozpoczyna si\u0119 na w\u0119\u017ale Krak\u00f3w Zach\u00f3d (Balice I).Koniec: odcinek projektowanej rozbudowy S52c ko\u0144czy si\u0119 na w\u0119\u017ale Modlniczka (z wy\u0142\u0105czeniem w\u0119z\u0142a)D\u0142ugo\u015b\u0107: oko\u0142o 2,9 km\" \/>\n<meta property=\"og:url\" content=\"http:\/\/a4-balice-krakowpoludnie-stes.pl\/index.php\/przedmiotu-zadania-inwestycyjnego\/\" \/>\n<meta property=\"og:site_name\" content=\"Rozbudowa autostrady A4 od w\u0119z\u0142a Balice do ul. K\u0105pielowej w Krakowie o trzeci pas ruchu\" \/>\n<meta property=\"article:modified_time\" content=\"2023-01-19T18:27:05+00:00\" \/>\n<meta name=\"twitter:card\" content=\"summary_large_image\" \/>\n<meta name=\"twitter:label1\" content=\"Szacowany czas czytania\" \/>\n\t<meta name=\"twitter:data1\" content=\"1 minuta\" \/>\n<script type=\"application\/ld+json\" class=\"yoast-schema-graph\">{\"@context\":\"https:\\\/\\\/schema.org\",\"@graph\":[{\"@type\":\"WebPage\",\"@id\":\"http:\\\/\\\/a4-balice-krakowpoludnie-stes.pl\\\/index.php\\\/przedmiotu-zadania-inwestycyjnego\\\/\",\"url\":\"http:\\\/\\\/a4-balice-krakowpoludnie-stes.pl\\\/index.php\\\/przedmiotu-zadania-inwestycyjnego\\\/\",\"name\":\"Przedmiot inwestycji - Rozbudowa autostrady A4 od w\u0119z\u0142a Balice do ul. K\u0105pielowej w Krakowie o trzeci pas ruchu\",\"isPartOf\":{\"@id\":\"http:\\\/\\\/a4-balice-krakowpoludnie-stes.pl\\\/#website\"},\"datePublished\":\"2021-07-03T22:00:01+00:00\",\"dateModified\":\"2023-01-19T18:27:05+00:00\",\"breadcrumb\":{\"@id\":\"http:\\\/\\\/a4-balice-krakowpoludnie-stes.pl\\\/index.php\\\/przedmiotu-zadania-inwestycyjnego\\\/#breadcrumb\"},\"inLanguage\":\"pl-PL\",\"potentialAction\":[{\"@type\":\"ReadAction\",\"target\":[\"http:\\\/\\\/a4-balice-krakowpoludnie-stes.pl\\\/index.php\\\/przedmiotu-zadania-inwestycyjnego\\\/\"]}]},{\"@type\":\"BreadcrumbList\",\"@id\":\"http:\\\/\\\/a4-balice-krakowpoludnie-stes.pl\\\/index.php\\\/przedmiotu-zadania-inwestycyjnego\\\/#breadcrumb\",\"itemListElement\":[{\"@type\":\"ListItem\",\"position\":1,\"name\":\"Strona g\u0142\u00f3wna\",\"item\":\"http:\\\/\\\/a4-balice-krakowpoludnie-stes.pl\\\/\"},{\"@type\":\"ListItem\",\"position\":2,\"name\":\"Przedmiot inwestycji\"}]},{\"@type\":\"WebSite\",\"@id\":\"http:\\\/\\\/a4-balice-krakowpoludnie-stes.pl\\\/#website\",\"url\":\"http:\\\/\\\/a4-balice-krakowpoludnie-stes.pl\\\/\",\"name\":\"Rozbudowa autostrady A4 od w\u0119z\u0142a Balice do ul. K\u0105pielowej w Krakowie o trzeci pas ruchu\",\"description\":\"\",\"publisher\":{\"@id\":\"http:\\\/\\\/a4-balice-krakowpoludnie-stes.pl\\\/#organization\"},\"potentialAction\":[{\"@type\":\"SearchAction\",\"target\":{\"@type\":\"EntryPoint\",\"urlTemplate\":\"http:\\\/\\\/a4-balice-krakowpoludnie-stes.pl\\\/?s={search_term_string}\"},\"query-input\":{\"@type\":\"PropertyValueSpecification\",\"valueRequired\":true,\"valueName\":\"search_term_string\"}}],\"inLanguage\":\"pl-PL\"},{\"@type\":\"Organization\",\"@id\":\"http:\\\/\\\/a4-balice-krakowpoludnie-stes.pl\\\/#organization\",\"name\":\"Rozbudowa autostrady A4 od w\u0119z\u0142a Balice do ul. K\u0105pielowej w Krakowie o trzeci pas ruchu\",\"url\":\"http:\\\/\\\/a4-balice-krakowpoludnie-stes.pl\\\/\",\"logo\":{\"@type\":\"ImageObject\",\"inLanguage\":\"pl-PL\",\"@id\":\"http:\\\/\\\/a4-balice-krakowpoludnie-stes.pl\\\/#\\\/schema\\\/logo\\\/image\\\/\",\"url\":\"http:\\\/\\\/a4-balice-krakowpoludnie-stes.pl\\\/wp-content\\\/uploads\\\/2023\\\/01\\\/cropped-empty.png\",\"contentUrl\":\"http:\\\/\\\/a4-balice-krakowpoludnie-stes.pl\\\/wp-content\\\/uploads\\\/2023\\\/01\\\/cropped-empty.png\",\"width\":290,\"height\":96,\"caption\":\"Rozbudowa autostrady A4 od w\u0119z\u0142a Balice do ul. K\u0105pielowej w Krakowie o trzeci pas ruchu\"},\"image\":{\"@id\":\"http:\\\/\\\/a4-balice-krakowpoludnie-stes.pl\\\/#\\\/schema\\\/logo\\\/image\\\/\"}}]}<\/script>\n<!-- \/ Yoast SEO plugin. -->","yoast_head_json":{"title":"Przedmiot inwestycji - Rozbudowa autostrady A4 od w\u0119z\u0142a Balice do ul. K\u0105pielowej w Krakowie o trzeci pas ruchu","robots":{"index":"index","follow":"follow","max-snippet":"max-snippet:-1","max-image-preview":"max-image-preview:large","max-video-preview":"max-video-preview:-1"},"canonical":"http:\/\/a4-balice-krakowpoludnie-stes.pl\/index.php\/przedmiotu-zadania-inwestycyjnego\/","og_locale":"pl_PL","og_type":"article","og_title":"Przedmiot inwestycji - Rozbudowa autostrady A4 od w\u0119z\u0142a Balice do ul. K\u0105pielowej w Krakowie o trzeci pas ruchu","og_description":"Przedmiot inwestycji Zakres podstawowy Zakres prawa opcji: Pocz\u0105tek: odcinek projektowanej rozbudowy S52c rozpoczyna si\u0119 na w\u0119\u017ale Krak\u00f3w Zach\u00f3d (Balice I).Koniec: odcinek projektowanej rozbudowy S52c ko\u0144czy si\u0119 na w\u0119\u017ale Modlniczka (z wy\u0142\u0105czeniem w\u0119z\u0142a)D\u0142ugo\u015b\u0107: oko\u0142o 2,9 km","og_url":"http:\/\/a4-balice-krakowpoludnie-stes.pl\/index.php\/przedmiotu-zadania-inwestycyjnego\/","og_site_name":"Rozbudowa autostrady A4 od w\u0119z\u0142a Balice do ul. K\u0105pielowej w Krakowie o trzeci pas ruchu","article_modified_time":"2023-01-19T18:27:05+00:00","twitter_card":"summary_large_image","twitter_misc":{"Szacowany czas czytania":"1 minuta"},"schema":{"@context":"https:\/\/schema.org","@graph":[{"@type":"WebPage","@id":"http:\/\/a4-balice-krakowpoludnie-stes.pl\/index.php\/przedmiotu-zadania-inwestycyjnego\/","url":"http:\/\/a4-balice-krakowpoludnie-stes.pl\/index.php\/przedmiotu-zadania-inwestycyjnego\/","name":"Przedmiot inwestycji - Rozbudowa autostrady A4 od w\u0119z\u0142a Balice do ul. K\u0105pielowej w Krakowie o trzeci pas ruchu","isPartOf":{"@id":"http:\/\/a4-balice-krakowpoludnie-stes.pl\/#website"},"datePublished":"2021-07-03T22:00:01+00:00","dateModified":"2023-01-19T18:27:05+00:00","breadcrumb":{"@id":"http:\/\/a4-balice-krakowpoludnie-stes.pl\/index.php\/przedmiotu-zadania-inwestycyjnego\/#breadcrumb"},"inLanguage":"pl-PL","potentialAction":[{"@type":"ReadAction","target":["http:\/\/a4-balice-krakowpoludnie-stes.pl\/index.php\/przedmiotu-zadania-inwestycyjnego\/"]}]},{"@type":"BreadcrumbList","@id":"http:\/\/a4-balice-krakowpoludnie-stes.pl\/index.php\/przedmiotu-zadania-inwestycyjnego\/#breadcrumb","itemListElement":[{"@type":"ListItem","position":1,"name":"Strona g\u0142\u00f3wna","item":"http:\/\/a4-balice-krakowpoludnie-stes.pl\/"},{"@type":"ListItem","position":2,"name":"Przedmiot inwestycji"}]},{"@type":"WebSite","@id":"http:\/\/a4-balice-krakowpoludnie-stes.pl\/#website","url":"http:\/\/a4-balice-krakowpoludnie-stes.pl\/","name":"Rozbudowa autostrady A4 od w\u0119z\u0142a Balice do ul. K\u0105pielowej w Krakowie o trzeci pas ruchu","description":"","publisher":{"@id":"http:\/\/a4-balice-krakowpoludnie-stes.pl\/#organization"},"potentialAction":[{"@type":"SearchAction","target":{"@type":"EntryPoint","urlTemplate":"http:\/\/a4-balice-krakowpoludnie-stes.pl\/?s={search_term_string}"},"query-input":{"@type":"PropertyValueSpecification","valueRequired":true,"valueName":"search_term_string"}}],"inLanguage":"pl-PL"},{"@type":"Organization","@id":"http:\/\/a4-balice-krakowpoludnie-stes.pl\/#organization","name":"Rozbudowa autostrady A4 od w\u0119z\u0142a Balice do ul. K\u0105pielowej w Krakowie o trzeci pas ruchu","url":"http:\/\/a4-balice-krakowpoludnie-stes.pl\/","logo":{"@type":"ImageObject","inLanguage":"pl-PL","@id":"http:\/\/a4-balice-krakowpoludnie-stes.pl\/#\/schema\/logo\/image\/","url":"http:\/\/a4-balice-krakowpoludnie-stes.pl\/wp-content\/uploads\/2023\/01\/cropped-empty.png","contentUrl":"http:\/\/a4-balice-krakowpoludnie-stes.pl\/wp-content\/uploads\/2023\/01\/cropped-empty.png","width":290,"height":96,"caption":"Rozbudowa autostrady A4 od w\u0119z\u0142a Balice do ul. K\u0105pielowej w Krakowie o trzeci pas ruchu"},"image":{"@id":"http:\/\/a4-balice-krakowpoludnie-stes.pl\/#\/schema\/logo\/image\/"}}]}},"_links":{"self":[{"href":"http:\/\/a4-balice-krakowpoludnie-stes.pl\/index.php\/wp-json\/wp\/v2\/pages\/453","targetHints":{"allow":["GET"]}}],"collection":[{"href":"http:\/\/a4-balice-krakowpoludnie-stes.pl\/index.php\/wp-json\/wp\/v2\/pages"}],"about":[{"href":"http:\/\/a4-balice-krakowpoludnie-stes.pl\/index.php\/wp-json\/wp\/v2\/types\/page"}],"author":[{"embeddable":true,"href":"http:\/\/a4-balice-krakowpoludnie-stes.pl\/index.php\/wp-json\/wp\/v2\/users\/1"}],"replies":[{"embeddable":true,"href":"http:\/\/a4-balice-krakowpoludnie-stes.pl\/index.php\/wp-json\/wp\/v2\/comments?post=453"}],"version-history":[{"count":3,"href":"http:\/\/a4-balice-krakowpoludnie-stes.pl\/index.php\/wp-json\/wp\/v2\/pages\/453\/revisions"}],"predecessor-version":[{"id":4558,"href":"http:\/\/a4-balice-krakowpoludnie-stes.pl\/index.php\/wp-json\/wp\/v2\/pages\/453\/revisions\/4558"}],"wp:attachment":[{"href":"http:\/\/a4-balice-krakowpoludnie-stes.pl\/index.php\/wp-json\/wp\/v2\/media?parent=453"}],"curies":[{"name":"wp","href":"https:\/\/api.w.org\/{rel}","templated":true}]}}